{"id":1930,"date":"2023-03-01T15:46:17","date_gmt":"2023-03-01T15:46:17","guid":{"rendered":"https:\/\/tallerdiez.com\/sitio\/?page_id=1930"},"modified":"2023-03-07T19:01:30","modified_gmt":"2023-03-07T19:01:30","slug":"contacto-de-cursos-virtuales","status":"publish","type":"page","link":"https:\/\/tallerdiez.com\/sitio\/contacto-de-cursos-virtuales\/","title":{"rendered":"Contacto de cursos virtuales"},"content":{"rendered":"<div id=\"pl-1930\"  class=\"panel-layout\" ><div id=\"pg-1930-0\"  class=\"panel-grid panel-no-style\" ><div id=\"pgc-1930-0-0\"  class=\"panel-grid-cell\" ><div id=\"panel-1930-0-0-0\" class=\"so-panel widget widget_sow-features panel-first-child\" data-index=\"0\" ><div\n\t\t\t\n\t\t\tclass=\"so-widget-sow-features so-widget-sow-features-default-b24de20ecd93-1930\"\n\t\t\t\n\t\t>\n<div class=\"sow-features-list sow-features-responsive\">\n\n\t\t\t\t\t\t\t\t\t<div\n\t\t\t\tclass=\"sow-features-feature sow-icon-container-position-top\"\n\t\t\t\tstyle=\"display: flex; flex-direction: column; width: calc(33.333% - 25px);\"\n\t\t\t>\n\t\t\t\n\t\t\t\t\t\t\t\t<div\n\t\t\t\t\tclass=\"sow-icon-container sow-container-none\"\n\t\t\t\t\tstyle=\"color: #404040; \"\n\t\t\t\t\t\t\t\t\t>\n\t\t\t\t\t<span class=\"sow-icon-elegantline\" data-sow-icon=\"&#xe028;\"\n\t\tstyle=\"font-size: 80px; color: #bc0000\" \n\t\taria-hidden=\"true\"><\/span>\t\t\t\t<\/div>\n\t\t\t\t\n\t\t\t\t<div class=\"textwidget\">\n\t\t\t\t\t\n\t\t\t\t\t\n\t\t\t\t\t\t\t\t\t\t\t<h2 style=\"text-align: center\">Correo<\/h2>\n<p style=\"text-align: center\">contacto@tallerdiez.com<\/p>\n\t\t\t\t\t\n\t\t\t\t\t\t\t\t\t<\/div>\n\t\t\t\t\t\t\t\t\n\t\t\t\t\t\t\t<\/div>\n\n\t\t\t\t\t\t\t\t<div\n\t\t\t\tclass=\"sow-features-feature sow-icon-container-position-top\"\n\t\t\t\tstyle=\"display: flex; flex-direction: column; width: calc(33.333% - 25px);\"\n\t\t\t>\n\t\t\t\n\t\t\t\t\t\t\t\t<div\n\t\t\t\t\tclass=\"sow-icon-container sow-container-none\"\n\t\t\t\t\tstyle=\"color: #404040; \"\n\t\t\t\t\t\t\t\t\t>\n\t\t\t\t\t<span class=\"sow-icon-elegantline\" data-sow-icon=\"&#xe004;\"\n\t\tstyle=\"font-size: 80px; color: #bc0000\" \n\t\taria-hidden=\"true\"><\/span>\t\t\t\t<\/div>\n\t\t\t\t\n\t\t\t\t<div class=\"textwidget\">\n\t\t\t\t\t\n\t\t\t\t\t\n\t\t\t\t\t\t\t\t\t\t\t<h2 style=\"text-align: center\">T\u00e9lefono<\/h2>\n<p style=\"text-align: center\">314 4141666<\/p>\n\t\t\t\t\t\n\t\t\t\t\t\t\t\t\t<\/div>\n\t\t\t\t\t\t\t\t\n\t\t\t\t\t\t\t<\/div>\n\n\t\t\t\t\t\t\t\t<div\n\t\t\t\tclass=\"sow-features-feature sow-icon-container-position-top\"\n\t\t\t\tstyle=\"display: flex; flex-direction: column; width: calc(33.333% - 25px);\"\n\t\t\t>\n\t\t\t\n\t\t\t\t\t\t\t\t<div\n\t\t\t\t\tclass=\"sow-icon-container sow-container-none\"\n\t\t\t\t\tstyle=\"color: #404040; \"\n\t\t\t\t\t\t\t\t\t>\n\t\t\t\t\t<span class=\"sow-icon-elegantline\" data-sow-icon=\"&#xe025;\"\n\t\tstyle=\"font-size: 80px; color: #bc0000\" \n\t\taria-hidden=\"true\"><\/span>\t\t\t\t<\/div>\n\t\t\t\t\n\t\t\t\t<div class=\"textwidget\">\n\t\t\t\t\t\n\t\t\t\t\t\n\t\t\t\t\t\t\t\t\t\t\t<h2 style=\"text-align: center\">Ubicaci\u00f3n<\/h2>\n<p style=\"text-align: center\">Bogot\u00e1, Colombia<\/p>\n\t\t\t\t\t\n\t\t\t\t\t\t\t\t\t<\/div>\n\t\t\t\t\t\t\t\t\n\t\t\t\t\t\t\t<\/div>\n\n\t\t\t\n<\/div>\n<\/div><\/div><div id=\"panel-1930-0-0-1\" class=\"so-panel widget widget_sow-editor panel-last-child\" data-index=\"1\" ><div\n\t\t\t\n\t\t\tclass=\"so-widget-sow-editor so-widget-sow-editor-base\"\n\t\t\t\n\t\t>\n<div class=\"siteorigin-widget-tinymce textwidget\">\n\t<hr \/>\n<p>&nbsp;<\/p>\n<\/div>\n<\/div><\/div><\/div><\/div><div id=\"pg-1930-1\"  class=\"panel-grid panel-no-style\" ><div id=\"pgc-1930-1-0\"  class=\"panel-grid-cell\" ><div id=\"panel-1930-1-0-0\" class=\"so-panel widget widget_sow-editor panel-first-child panel-last-child\" data-index=\"2\" ><div\n\t\t\t\n\t\t\tclass=\"so-widget-sow-editor so-widget-sow-editor-base\"\n\t\t\t\n\t\t><h3 class=\"widget-title\">Cont\u00e1ctenos<\/h3>\n<div class=\"siteorigin-widget-tinymce textwidget\">\n\t<p>\u00a1Bienvenido\/a a nuestro sitio web! Estamos emocionados de que est\u00e9s considerando unirte a nuestra comunidad de aprendizaje en l\u00ednea, en esta secci\u00f3n podr\u00e1s ponerte en contacto y preguntarnos todo sobre las dudas que tengas de tus cursos virtuales.<\/p>\n<p>Sabemos que puede haber muchas preguntas en tu mente, desde la informaci\u00f3n de nuestros cursos, hasta los detalles de pago y los plazos de entrega. Por eso, nos aseguramos de tener una secci\u00f3n de contacto dedicada para responder a todas tus dudas e inquietudes.<\/p>\n<p>Si necesitas m\u00e1s informaci\u00f3n, no dudes en ponerte en contacto con nosotros. Nuestro equipo de atenci\u00f3n al cliente estar\u00e1 encantado de ayudarte y responder a todas tus preguntas sobre los cursos. Estamos aqu\u00ed para ayudarte a tener la mejor experiencia de aprendizaje posible.<\/p>\n<p>\u00a1Esperamos escucharte pronto!<\/p>\n<p>Recuerda si quieres conocer cuanto puede costar tu curso virtual puedes dirigirte a la secci\u00f3n <span style=\"color: #800000;\"><a style=\"color: #800000;\" href=\"https:\/\/tallerdiez.com\/sitio\/cuanto-cuesta-crear-curso-virtual-precios\/\">precios<\/a>.<\/span><\/p>\n<\/div>\n<\/div><\/div><\/div><div id=\"pgc-1930-1-1\"  class=\"panel-grid-cell\" ><div id=\"panel-1930-1-1-0\" class=\"so-panel widget widget_sow-contact-form panel-first-child panel-last-child\" data-index=\"3\" ><div\n\t\t\t\n\t\t\tclass=\"so-widget-sow-contact-form so-widget-sow-contact-form-default-b24f81016b79-1930\"\n\t\t\t\n\t\t>\t<form\n\t\taction=\"\/sitio\/wp-json\/wp\/v2\/pages\/1930\"\n\t\tmethod=\"POST\"\n\t\tclass=\"sow-contact-form\"\n\t\tid=\"contact-form-8507\"\n\t>\n\n\t\t\n\t\t\t\t\t<div class=\"sow-form-field sow-form-field-name\">\n\t\t\t\t<label class=\"sow-form-field-label-above\" for=\"sow-contact-form-field-tu-nombre-27499853863ff7579a6c4a332030085\">\n\t\t\t\t<strong>\n\t\t\t\t\tTu nombre\t\t\t\t\t\t\t\t\t<\/strong>\n\t\t\t<\/label>\n\t\t\t\t\t\t\t<span class=\"sow-field-container\">\n\t\t\t\t\t\t\t<input\n\t\t\ttype=\"text\"\n\t\t\tname=\"tu-nombre-27499853863ff7579a6c4a332030085\"\n\t\t\tid=\"sow-contact-form-field-tu-nombre-27499853863ff7579a6c4a332030085\"\n\t\t\tvalue=\"\"\n\t\t\tclass=\"sow-text-field\"\n\t\t\t\t\t\/>\n\t\t\t\t\t\t<\/span>\n\t\t\t\t\t\t\t<\/div>\n\t\t\t\t\t\t<div class=\"sow-form-field sow-form-field-email\">\n\t\t\t\t<label class=\"sow-form-field-label-above\" for=\"sow-contact-form-field-tu-correo-electrnico-27499853863ff7579a6c4a332030085\">\n\t\t\t\t<strong>\n\t\t\t\t\tTu correo electr\u00f3nico\t\t\t\t\t\t\t\t\t<\/strong>\n\t\t\t<\/label>\n\t\t\t\t\t\t\t<span class=\"sow-field-container\">\n\t\t\t\t\t\t\t<input\n\t\t\ttype=\"email\"\n\t\t\tname=\"tu-correo-electrnico-27499853863ff7579a6c4a332030085\"\n\t\t\tid=\"sow-contact-form-field-tu-correo-electrnico-27499853863ff7579a6c4a332030085\"\n\t\t\tvalue=\"\"\n\t\t\tclass=\"sow-text-field\"\t\t\t\t\t\t\t\t\/>\n\t\t\t\t\t\t<\/span>\n\t\t\t\t\t\t\t<\/div>\n\t\t\t\t\t\t<div class=\"sow-form-field sow-form-field-textarea\">\n\t\t\t\t<label class=\"sow-form-field-label-above\" for=\"sow-contact-form-field-mensaje-27499853863ff7579a6c4a332030085\">\n\t\t\t\t<strong>\n\t\t\t\t\tMensaje\t\t\t\t\t\t\t\t\t<\/strong>\n\t\t\t<\/label>\n\t\t\t\t\t\t\t<span class=\"sow-field-container\">\n\t\t\t\t\t\t\t<textarea\n\t\t\tname=\"mensaje-27499853863ff7579a6c4a332030085\"\n\t\t\tid=\"sow-contact-form-field-mensaje-27499853863ff7579a6c4a332030085\"\n\t\t\trows=\"10\"\n\t\t\t\t\t\t\t\t><\/textarea>\n\t\t\t\t\t\t<\/span>\n\t\t\t\t\t\t\t<\/div>\n\t\t\t\n\t\t\t\t\t<div class=\"sow-recaptcha\"\n\t\t\t\t\t\t\t\t\tdata-config=\"{&quot;sitekey&quot;:&quot;6LcF-sMkAAAAAGtPLL13vy_LzCeOSvlaKWs9vu18&quot;,&quot;theme&quot;:&quot;light&quot;,&quot;type&quot;:&quot;image&quot;,&quot;size&quot;:&quot;compact&quot;}\"\n\t\t\t\t\t\t\t><\/div>\n\t\t\t\n\t\t<div class=\"sow-submit-wrapper sow-submit-styled\">\n\n\t\t\t<button class=\"sow-submit\"\n\t\t\t\t\t\t\t>\n\t\t\t\tEnviar\t\t\t<\/button>\n\t\t<\/div>\n\t\t<input type=\"hidden\" name=\"instance_hash\" value=\"8507793ee8aa65e11a5bc6d8873aacce\" \/>\n\t\t<input type=\"hidden\" id=\"_wpnonce\" name=\"_wpnonce\" value=\"928ac6f336\" \/><input type=\"hidden\" name=\"_wp_http_referer\" value=\"\/sitio\/wp-json\/wp\/v2\/pages\/1930\" \/>\t<\/form>\n\t<\/div><\/div><\/div><\/div><\/div>","protected":false},"excerpt":{"rendered":"<p>&nbsp; \u00a1Bienvenido\/a a nuestro sitio web! Estamos emocionados de que est\u00e9s considerando unirte a nuestra comunidad de aprendizaje en l\u00ednea, en esta secci\u00f3n podr\u00e1s ponerte en contacto y preguntarnos todo sobre las dudas que tengas de tus cursos virtuales. Sabemos que puede haber muchas preguntas en tu mente, desde la informaci\u00f3n de nuestros cursos, hasta [&hellip;]<\/p>\n","protected":false},"author":1,"featured_media":1931,"parent":0,"menu_order":0,"comment_status":"closed","ping_status":"closed","template":"","meta":{"_genesis_hide_title":false,"_genesis_hide_breadcrumbs":false,"_genesis_hide_singular_image":false,"_genesis_hide_footer_widgets":false,"_genesis_custom_body_class":"","_genesis_custom_post_class":"","_genesis_layout":"","footnotes":""},"yoast_head":"<!-- This site is optimized with the Yoast SEO plugin v22.3 - https:\/\/yoast.com\/wordpress\/plugins\/seo\/ -->\n<title>Contacto de cursos virtuales - Dise\u00f1amos cursos virtuales<\/title>\n<meta name=\"description\" content=\"Ac\u00e1 se pondr\u00e1 en contacto y preguntarnos todo sobre los cursos virtuales para empresas, particulares, universidades, tesis de grado\" \/>\n<meta name=\"robots\" content=\"index, follow, max-snippet:-1, max-image-preview:large, max-video-preview:-1\" \/>\n<link rel=\"canonical\" href=\"https:\/\/tallerdiez.com\/sitio\/contacto-de-cursos-virtuales\/\" \/>\n<meta property=\"og:locale\" content=\"es_ES\" \/>\n<meta property=\"og:type\" content=\"article\" \/>\n<meta property=\"og:title\" content=\"Contacto de cursos virtuales - Dise\u00f1amos cursos virtuales\" \/>\n<meta property=\"og:description\" content=\"Ac\u00e1 se pondr\u00e1 en contacto y preguntarnos todo sobre los cursos virtuales para empresas, particulares, universidades, tesis de grado\" \/>\n<meta property=\"og:url\" content=\"https:\/\/tallerdiez.com\/sitio\/contacto-de-cursos-virtuales\/\" \/>\n<meta property=\"og:site_name\" content=\"Dise\u00f1amos cursos virtuales\" \/>\n<meta property=\"article:publisher\" content=\"https:\/\/www.facebook.com\/taller.diez.1\" \/>\n<meta property=\"article:modified_time\" content=\"2023-03-07T19:01:30+00:00\" \/>\n<meta property=\"og:image\" content=\"https:\/\/tallerdiez.com\/sitio\/wp-content\/uploads\/2023\/03\/banner-contacto.jpg\" \/>\n\t<meta property=\"og:image:width\" content=\"1920\" \/>\n\t<meta property=\"og:image:height\" content=\"450\" \/>\n\t<meta property=\"og:image:type\" content=\"image\/jpeg\" \/>\n<meta name=\"twitter:card\" content=\"summary_large_image\" \/>\n<meta name=\"twitter:label1\" content=\"Tiempo de lectura\" \/>\n\t<meta name=\"twitter:data1\" content=\"1 minuto\" \/>\n<script type=\"application\/ld+json\" class=\"yoast-schema-graph\">{\"@context\":\"https:\/\/schema.org\",\"@graph\":[{\"@type\":\"WebPage\",\"@id\":\"https:\/\/tallerdiez.com\/sitio\/contacto-de-cursos-virtuales\/\",\"url\":\"https:\/\/tallerdiez.com\/sitio\/contacto-de-cursos-virtuales\/\",\"name\":\"Contacto de cursos virtuales - Dise\u00f1amos cursos virtuales\",\"isPartOf\":{\"@id\":\"https:\/\/tallerdiez.com\/sitio\/#website\"},\"primaryImageOfPage\":{\"@id\":\"https:\/\/tallerdiez.com\/sitio\/contacto-de-cursos-virtuales\/#primaryimage\"},\"image\":{\"@id\":\"https:\/\/tallerdiez.com\/sitio\/contacto-de-cursos-virtuales\/#primaryimage\"},\"thumbnailUrl\":\"https:\/\/tallerdiez.com\/sitio\/wp-content\/uploads\/2023\/03\/banner-contacto.jpg\",\"datePublished\":\"2023-03-01T15:46:17+00:00\",\"dateModified\":\"2023-03-07T19:01:30+00:00\",\"description\":\"Ac\u00e1 se pondr\u00e1 en contacto y preguntarnos todo sobre los cursos virtuales para empresas, particulares, universidades, tesis de grado\",\"breadcrumb\":{\"@id\":\"https:\/\/tallerdiez.com\/sitio\/contacto-de-cursos-virtuales\/#breadcrumb\"},\"inLanguage\":\"es\",\"potentialAction\":[{\"@type\":\"ReadAction\",\"target\":[\"https:\/\/tallerdiez.com\/sitio\/contacto-de-cursos-virtuales\/\"]}]},{\"@type\":\"ImageObject\",\"inLanguage\":\"es\",\"@id\":\"https:\/\/tallerdiez.com\/sitio\/contacto-de-cursos-virtuales\/#primaryimage\",\"url\":\"https:\/\/tallerdiez.com\/sitio\/wp-content\/uploads\/2023\/03\/banner-contacto.jpg\",\"contentUrl\":\"https:\/\/tallerdiez.com\/sitio\/wp-content\/uploads\/2023\/03\/banner-contacto.jpg\",\"width\":1920,\"height\":450,\"caption\":\"Contacto cursos virtuales\"},{\"@type\":\"BreadcrumbList\",\"@id\":\"https:\/\/tallerdiez.com\/sitio\/contacto-de-cursos-virtuales\/#breadcrumb\",\"itemListElement\":[{\"@type\":\"ListItem\",\"position\":1,\"name\":\"Portada\",\"item\":\"https:\/\/tallerdiez.com\/sitio\/\"},{\"@type\":\"ListItem\",\"position\":2,\"name\":\"Contacto de cursos virtuales\"}]},{\"@type\":\"WebSite\",\"@id\":\"https:\/\/tallerdiez.com\/sitio\/#website\",\"url\":\"https:\/\/tallerdiez.com\/sitio\/\",\"name\":\"Taller diez Dise\u00f1amos cursos virtuales\",\"description\":\"Creamos cursos virtuales\",\"publisher\":{\"@id\":\"https:\/\/tallerdiez.com\/sitio\/#organization\"},\"potentialAction\":[{\"@type\":\"SearchAction\",\"target\":{\"@type\":\"EntryPoint\",\"urlTemplate\":\"https:\/\/tallerdiez.com\/sitio\/?s={search_term_string}\"},\"query-input\":\"required name=search_term_string\"}],\"inLanguage\":\"es\"},{\"@type\":\"Organization\",\"@id\":\"https:\/\/tallerdiez.com\/sitio\/#organization\",\"name\":\"Taller diez\",\"url\":\"https:\/\/tallerdiez.com\/sitio\/\",\"logo\":{\"@type\":\"ImageObject\",\"inLanguage\":\"es\",\"@id\":\"https:\/\/tallerdiez.com\/sitio\/#\/schema\/logo\/image\/\",\"url\":\"https:\/\/tallerdiez.com\/sitio\/wp-content\/uploads\/2022\/04\/cropped-logo-curso-virtual-t10.png\",\"contentUrl\":\"https:\/\/tallerdiez.com\/sitio\/wp-content\/uploads\/2022\/04\/cropped-logo-curso-virtual-t10.png\",\"width\":542,\"height\":264,\"caption\":\"Taller diez\"},\"image\":{\"@id\":\"https:\/\/tallerdiez.com\/sitio\/#\/schema\/logo\/image\/\"},\"sameAs\":[\"https:\/\/www.facebook.com\/taller.diez.1\",\"https:\/\/www.youtube.com\/@tallerdiez\"]}]}<\/script>\n<!-- \/ Yoast SEO plugin. -->","yoast_head_json":{"title":"Contacto de cursos virtuales - Dise\u00f1amos cursos virtuales","description":"Ac\u00e1 se pondr\u00e1 en contacto y preguntarnos todo sobre los cursos virtuales para empresas, particulares, universidades, tesis de grado","robots":{"index":"index","follow":"follow","max-snippet":"max-snippet:-1","max-image-preview":"max-image-preview:large","max-video-preview":"max-video-preview:-1"},"canonical":"https:\/\/tallerdiez.com\/sitio\/contacto-de-cursos-virtuales\/","og_locale":"es_ES","og_type":"article","og_title":"Contacto de cursos virtuales - Dise\u00f1amos cursos virtuales","og_description":"Ac\u00e1 se pondr\u00e1 en contacto y preguntarnos todo sobre los cursos virtuales para empresas, particulares, universidades, tesis de grado","og_url":"https:\/\/tallerdiez.com\/sitio\/contacto-de-cursos-virtuales\/","og_site_name":"Dise\u00f1amos cursos virtuales","article_publisher":"https:\/\/www.facebook.com\/taller.diez.1","article_modified_time":"2023-03-07T19:01:30+00:00","og_image":[{"width":1920,"height":450,"url":"https:\/\/tallerdiez.com\/sitio\/wp-content\/uploads\/2023\/03\/banner-contacto.jpg","type":"image\/jpeg"}],"twitter_card":"summary_large_image","twitter_misc":{"Tiempo de lectura":"1 minuto"},"schema":{"@context":"https:\/\/schema.org","@graph":[{"@type":"WebPage","@id":"https:\/\/tallerdiez.com\/sitio\/contacto-de-cursos-virtuales\/","url":"https:\/\/tallerdiez.com\/sitio\/contacto-de-cursos-virtuales\/","name":"Contacto de cursos virtuales - Dise\u00f1amos cursos virtuales","isPartOf":{"@id":"https:\/\/tallerdiez.com\/sitio\/#website"},"primaryImageOfPage":{"@id":"https:\/\/tallerdiez.com\/sitio\/contacto-de-cursos-virtuales\/#primaryimage"},"image":{"@id":"https:\/\/tallerdiez.com\/sitio\/contacto-de-cursos-virtuales\/#primaryimage"},"thumbnailUrl":"https:\/\/tallerdiez.com\/sitio\/wp-content\/uploads\/2023\/03\/banner-contacto.jpg","datePublished":"2023-03-01T15:46:17+00:00","dateModified":"2023-03-07T19:01:30+00:00","description":"Ac\u00e1 se pondr\u00e1 en contacto y preguntarnos todo sobre los cursos virtuales para empresas, particulares, universidades, tesis de grado","breadcrumb":{"@id":"https:\/\/tallerdiez.com\/sitio\/contacto-de-cursos-virtuales\/#breadcrumb"},"inLanguage":"es","potentialAction":[{"@type":"ReadAction","target":["https:\/\/tallerdiez.com\/sitio\/contacto-de-cursos-virtuales\/"]}]},{"@type":"ImageObject","inLanguage":"es","@id":"https:\/\/tallerdiez.com\/sitio\/contacto-de-cursos-virtuales\/#primaryimage","url":"https:\/\/tallerdiez.com\/sitio\/wp-content\/uploads\/2023\/03\/banner-contacto.jpg","contentUrl":"https:\/\/tallerdiez.com\/sitio\/wp-content\/uploads\/2023\/03\/banner-contacto.jpg","width":1920,"height":450,"caption":"Contacto cursos virtuales"},{"@type":"BreadcrumbList","@id":"https:\/\/tallerdiez.com\/sitio\/contacto-de-cursos-virtuales\/#breadcrumb","itemListElement":[{"@type":"ListItem","position":1,"name":"Portada","item":"https:\/\/tallerdiez.com\/sitio\/"},{"@type":"ListItem","position":2,"name":"Contacto de cursos virtuales"}]},{"@type":"WebSite","@id":"https:\/\/tallerdiez.com\/sitio\/#website","url":"https:\/\/tallerdiez.com\/sitio\/","name":"Taller diez Dise\u00f1amos cursos virtuales","description":"Creamos cursos virtuales","publisher":{"@id":"https:\/\/tallerdiez.com\/sitio\/#organization"},"potentialAction":[{"@type":"SearchAction","target":{"@type":"EntryPoint","urlTemplate":"https:\/\/tallerdiez.com\/sitio\/?s={search_term_string}"},"query-input":"required name=search_term_string"}],"inLanguage":"es"},{"@type":"Organization","@id":"https:\/\/tallerdiez.com\/sitio\/#organization","name":"Taller diez","url":"https:\/\/tallerdiez.com\/sitio\/","logo":{"@type":"ImageObject","inLanguage":"es","@id":"https:\/\/tallerdiez.com\/sitio\/#\/schema\/logo\/image\/","url":"https:\/\/tallerdiez.com\/sitio\/wp-content\/uploads\/2022\/04\/cropped-logo-curso-virtual-t10.png","contentUrl":"https:\/\/tallerdiez.com\/sitio\/wp-content\/uploads\/2022\/04\/cropped-logo-curso-virtual-t10.png","width":542,"height":264,"caption":"Taller diez"},"image":{"@id":"https:\/\/tallerdiez.com\/sitio\/#\/schema\/logo\/image\/"},"sameAs":["https:\/\/www.facebook.com\/taller.diez.1","https:\/\/www.youtube.com\/@tallerdiez"]}]}},"_links":{"self":[{"href":"https:\/\/tallerdiez.com\/sitio\/wp-json\/wp\/v2\/pages\/1930"}],"collection":[{"href":"https:\/\/tallerdiez.com\/sitio\/wp-json\/wp\/v2\/pages"}],"about":[{"href":"https:\/\/tallerdiez.com\/sitio\/wp-json\/wp\/v2\/types\/page"}],"author":[{"embeddable":true,"href":"https:\/\/tallerdiez.com\/sitio\/wp-json\/wp\/v2\/users\/1"}],"replies":[{"embeddable":true,"href":"https:\/\/tallerdiez.com\/sitio\/wp-json\/wp\/v2\/comments?post=1930"}],"version-history":[{"count":35,"href":"https:\/\/tallerdiez.com\/sitio\/wp-json\/wp\/v2\/pages\/1930\/revisions"}],"predecessor-version":[{"id":2238,"href":"https:\/\/tallerdiez.com\/sitio\/wp-json\/wp\/v2\/pages\/1930\/revisions\/2238"}],"wp:featuredmedia":[{"embeddable":true,"href":"https:\/\/tallerdiez.com\/sitio\/wp-json\/wp\/v2\/media\/1931"}],"wp:attachment":[{"href":"https:\/\/tallerdiez.com\/sitio\/wp-json\/wp\/v2\/media?parent=1930"}],"curies":[{"name":"wp","href":"https:\/\/api.w.org\/{rel}","templated":true}]}}